pose 0 = 18*l + r*l - 1450. Calculate the remainder when l is divided by 3.
2
Let m = 179 + 85. Suppose m = 19*y - 13*y. Calculate the remainder when y is divided by 4.
0
Suppose -110*d + 98*d + 504 = 0. Calculate the remainder when 3400 is divided by d.
40
Suppose 3*m = -4*k + 233 + 43, -4*k + 368 = 4*m. Calculate the remainder when 233 is divided by m.
49
Let l(n) = -163*n + 1209. Let w(p) = p**3 - 8*p**2 - 7*p + 1. What is the remainder when l(7) is divided by w(9)?
11
Let d be 3 + -1*(-241 + (1 - -4)). Let h = -185 + d. Calculate the remainder when h is divided by 31.
23
Let i = 4517 + -4480. Calculate the remainder when 1061 is divided by i.
25
Suppose 66 = n + 5*u, 0 = -n + 3*u + u + 21. Calculate the remainder when 832 is divided by n.
12
Suppose -185 = 2*a - 4*m + 985, a = 4*m - 583. Let h = a - -656. Calculate the remainder when 137 is divided by h.
68
Suppose -547*j + 235116 = -1463319. What is the remainder when j is divided by 61?
55
Let g(f) = 2*f**3 - 27*f**2 - 11*f + 11. Calculate the remainder when g(14) is divided by -4*(-18)/4 - -1.
15
Let k be (-6 + (-9)/(-2))/(6/(-1720)). Suppose 0 = -8*r + 186 + k. What is the remainder when r is divided by 42?
35
Suppose -2*y = 0, -t + y + 115 = 4*t. Let j(h) = 2*h + 5*h + 11 - 25 - 51. What is the remainder when j(22) is divided by t?
20
Let r be 0 - -4 - (-2 - -4). Let j(m) = -2*m**2 - 6 - 13 + 4*m**r - 1. Calculate the remainder when j(-5) is divided by 15.
0
Let j = 5 + -5. Let q(d) = j*d + 20*d**2 - 3*d**3 + 0*d + 2*d**3 + d - 13. Calculate the remainder when 41 is divided by q(20).
6
Let y = -671 - -681. Calculate the remainder when 607 is divided by y.
7
Let f = 25256 - 25217. What is the remainder when 1520 is divided by f?
38
Suppose w + 4*u - 7 - 3 = 0, -2*w - u = -41. Suppose 3*n + 2*h = -h + 3855, -4*h = 5*n - 6421. What is the remainder when n/15 - (-2)/(-5) is divided by w?
19
Let h(j) = 12*j - 2. Let o(a) = 5*a - 8. Let i = -93 + 103. What is the remainder when o(i) is divided by h(2)?
20
Let w(n) = -n**3 - 8*n**2 + 36*n + 34. What is the remainder when 254 is divided by w(-11)?
0
Let j(d) = -109*d + 36. Let q be j(-6). Suppose 67*z = -2*z + q. Calculate the remainder when (1*-3)/((-1)/13) is divided by z.
9
Let a be 69/12 - 3 - 2/(-8). Suppose a*y - r + 50 = 0, 0*r - r + 34 = -2*y. Let c(g) = 3*g + 55. Calculate the remainder when 68 is divided by c(y).
5
Let o(n) = 3*n**2 + n + 2. Suppose 6*s + 1 + 5 = 0. Let g be o(s). Suppose -3*x - 95 = -g*x. What is the remainder when x is divided by 14?
11
Let o(q) = 3*q + 4. Let l = 267 - 277. What is the remainder when (12/l)/(96/(-4480)) is divided by o(4)?
8
Let y(g) = 0*g + 9*g**2 - 755 + 11*g**2 + 711 - 19*g. What is the remainder when y(-2) is divided by 15?
14
Suppose 4300 = 2*h - 6576. Suppose 40*x - 6002 = h. What is the remainder when x is divided by 48?
46
Let a = 4460 - 4374. What is the remainder when 155 is divided by a?
69
What is the remainder when 834 is divided by (-6)/((-465)/420 - -1)?
50
Suppose -6*f + 14 = -4*f. Suppose -24 - 26 = -5*b - 2*v, 2*v + 6 = 2*b. What is the remainder when b is divided by f?
1
Let x(k) = -29*k - 3. Let q = 2799 + -2644. What is the remainder when q is divided by x(-2)?
45
Suppose -22*f + 1849 = 21*f. What is the remainder when (-165)/(-1) + (-4)/(1 - 5) is divided by f?
37
Suppose 99*t - 101*t - 128 = -2*p, 12 = -4*t. Calculate the remainder when 293 is divided by p.
49
Let z = -47 - -56. Let x be ((-12)/z)/(4/18). What is the remainder when 43 is divided by x*1*55/(-15)?
21
Suppose 56*d - 18 - 167 = 51*d. What is the remainder when 219 is divided by d?
34
Let y = 3952 + -3302. What is the remainder when y is divided by 109?
105
Calculate the remainder when 1120 is divided by 15/(-18)*(-87 + -195).
180
Let d be (-4 + 7 - (-58)/10)*-5. Let z = -36 - d. Suppose 117 + 147 = z*k. What is the remainder when k is divided by 7?
5
Let o(w) = 212*w**2 - 92*w - 353. What is the remainder when o(-4) is divided by 24?
23
Let b(k) = 95*k**3 + 5*k**2 - 6*k + 3. Let p = 6 + 45. What is the remainder when b(1) is divided by p?
46
Suppose -g - 76 = 5*w, 158 = -12*g + 9*g - w. Calculate the remainder when 100 is divided by g/((3/(-5))/((-18)/(-45))).
32
Let v = -26431 - -26452. What is the remainder when 1760 is divided by v?
17
Let r = 2407 - 1610. What is the remainder when r is divided by 101?
90
Let u(j) = -j**2 + 17*j + 27. Let y(z) = 8*z + 7. Calculate the remainder when u(15) is divided by y(2).
11
Let f(q) = 2*q**2 + 10*q + 15. Let y be f(-2). Suppose -y*d + 3*u + 207 = 0, 6*d - 5*d - 2*u - 74 = 0. Calculate the remainder when d is divided by 34.
30
Let c(s) be the third derivative of 0*s + 0 + 1/30*s**5 - 35/24*s**4 + 8/3*s**3 + 36*s**2. What is the remainder when 135 is divided by c(18)?
33
Let s = -12 - -6. What is the remainder when 2/s + (-1855)/(-21) is divided by ((-1530)/(-68) - 20)/((-1)/(-10))?
13
Let s(q) = -q**2 + 37*q - 169. Suppose 2912 = 69*v - 53*v. What is the remainder when v is divided by s(31)?
12
Let m(y) = 15*y**2 + 17*y + 3. Let k be m(-4). Suppose 5*d + 5*a - k = 95, -3*d + 5*a = -170. Calculate the remainder when 67 is divided by d.
12
Let q be (8/(-12))/((-3)/(594/12)). Suppose 3*l = 5*w + q, 2*l + 0*w - 20 = -3*w. What is the remainder when l is divided by 7?
0
Let f(k) = 33*k + 949. Let j = 134 + 12. What is the remainder when j is divided by f(-28)?
21
Let k(o) be the first derivative of o**3/3 - 22. Let w(g) = 7*g**2 + 21*g + 26. Let b(d) = 6*k(d) - w(d). What is the remainder when b(-19) is divided by 3?
0
Let f = -3965 + 3989. What is the remainder when 740 is divided by f?
20
Let x(m) = 7*m - 19. Let n be 4 + -2 + 6 + -6. Let k = n + 141. Calculate the remainder when k is divided by x(8).
32
Let d be 163/(-5) - 21/(-35). What is the remainder when 22 is divided by 16/48 - d/3?
0
Let h = 14805 + -14676. What is the remainder when 3992 is divided by h?
122
Suppose -12*a = -51 - 321. Calculate the remainder when 236 is divided by a.
19
Let h(u) = u**3 + 16*u**2 - 24*u - 34. Let g(w) = -2*w - 5. Let m be g(-5). What is the remainder when h(-17) is divided by (-342)/(-15) + (-4)/m?
19
Let q = 29 + -5. Let p(k) = -2*k + 57. Let m be p(q). Suppose -93 = -m*x + 33. Calculate the remainder when 41 is divided by x.
13
What is the remainder when 3891 is divided by (4 + 1 + (-50)/5)*34/(-10)?
15
Suppose 14*c - 58 = 157 + 1297. Calculate the remainder when 1079 is divided by c.
107
Suppose -71750 - 12079 = -15*v - 12954. Calculate the remainder when v is divided by 24.
21
Let n = 23006 + -22942. What is the remainder when 2419 is divided by n?
51
Suppose -23008 = -42*c - 11453 + 27295. What is the remainder when c is divided by 187?
177
Suppose -8*m + 1640 = -1496. Suppose 4*u = 6*u + 5*t - m, 3*u = 2*t + 569. What is the remainder when u is divided by 49?
44
Suppose -4*p = 5*s + 2*s - 175, 4*s - 100 = -5*p. Calculate the remainder when 8871 is divided by s.
21
Let n = -314 - -482. What is the remainder when n is divided by 81?
6
Let g = -2575 + 3391. Calculate the remainder when g is divided by 73.
13
Let g be 2 - ((-72)/3 + 0). Let o = g + -23. Suppose -o*u + 20 = -4*j, -4*u + 3*j = -u - 18. What is the remainder when u is divided by 4?
0
Let q = 582 - 306. Calculate the remainder when q is divided by 28.
24
Suppose 0 = -19*d + 21*d - 242. Let h = 198 - d. Calculate the remainder when 382 is divided by h.
74
Let v = -641 + 661. Let t be 15*5/((-30)/(-4)). Let f = v - t. Calculate the remainder when f is divided by 4.
2
Suppose -23*s + 20*s = -3*b + 786, -8 = -2*s. What is the remainder when b is divided by 34?
28
Let p = -4895 - -5192. Calculate the remainder when p is divided by 55.
22
Let n = 4767 - 4739. What is the remainder when n is divided by 27?
1
Let l(n) be the second derivative of n**4/12 - n**3/3 + 2*n**2 + 15*n - 3. Let h(d) = -12*d + 1. What is the remainder when h(-6) is divided by l(-3)?
16
What is the remainder when -2*17/(850/(-725)) is divided by (-6)/(-8) + 18/8?
2
Let w = -3175 + 3859. Calculate the remainder when w is divided by 15.
9
Suppose -3*w - j + 87 = 0, 3*w + 78*j - 87 = 76*j. Let t = -4 - 5. Let m = -1 - t. Calculate the remainder when w is divided by m.
5
Suppose 36*x + 138 = 42*x. Suppose x*o - 6*o - 2873 = 0. Calculate the remainder 